t common factor of 103896 and 48.
24
What is the highest common divisor of 693 and 44649?
99
What is the highest common factor of 462535 and 40?
5
What is the greatest common factor of 704 and 34012?
44
What is the highest common factor of 370860 and 15?
15
What is the highest common divisor of 16383 and 231267?
381
What is the greatest common divisor of 3 and 9419?
1
Calculate the greatest common factor of 9617 and 2608.
163
Calculate the highest common factor of 226591 and 8328.
347
Calculate the greatest common divisor of 372 and 28086.
186
Calculate the greatest common factor of 11851180 and 1030.
1030
Calculate the highest common divisor of 580 and 449036.
116
What is the highest common divisor of 618390 and 45?
45
What is the highest common divisor of 1923 and 33?
3
What is the greatest common factor of 12234 and 186?
6
Calculate the greatest common factor of 2205 and 16415.
245
What is the highest common factor of 6843399 and 321?
321
Calculate the greatest common divisor of 20727 and 21103.
47
Calculate the highest common divisor of 1320 and 4430.
10
Calculate the highest common divisor of 252 and 324.
36
Calculate the highest common divisor of 26895 and 462.
33
Calculate the greatest common divisor of 96 and 132576.
96
What is the highest common factor of 2318556 and 404?
404
Calculate the greatest common divisor of 21068 and 184.
92
What is the highest common factor of 3145075 and 100?
25
Calculate the greatest common factor of 8201 and 1475.
59
Calculate the greatest common factor of 730 and 5240.
10
Calculate the greatest common divisor of 881540 and 44.
44
Calculate the greatest common divisor of 143 and 5601596.
143
Calculate the greatest common factor of 64 and 412.
4
What is the greatest common factor of 1773 and 12608?
197
What is the highest common factor of 28126 and 82?
82
Calculate the greatest common factor of 159 and 237.
3
Calculate the highest common divisor of 422671 and 1587.
529
Calculate the greatest common divisor of 286 and 7618.
26
Calculate the greatest common divisor of 256 and 197888.
256
Calculate the highest common divisor of 112860 and 130625.
1045
Calculate the greatest common factor of 14023 and 15539.
379
What is the greatest common divisor of 5597 and 58?
29
What is the highest common divisor of 18012 and 15732?
228
What is the highest common divisor of 2854832 and 3164?
452
Calculate the highest common factor of 209952 and 396.
36
Calculate the greatest common divisor of 235 and 13583.
47
What is the greatest common factor of 2162 and 20378?
46
Calculate the highest common divisor of 66 and 6570.
6
Calculate the highest common divisor of 312 and 1728.
24
What is the greatest common factor of 6 and 30638?
2
Calculate the highest common factor of 792 and 19512.
72
What is the highest common factor of 911099 and 14?
7
What is the highest common divisor of 1177744 and 16?
16
What is the highest common divisor of 396 and 203904?
36
What is the highest common divisor of 124 and 30938?
62
What is the highest common factor of 7650 and 106794?
306
Calculate the highest common factor of 805896 and 9048.
312
Calculate the highest common divisor of 10 and 718610.
10
Calculate the greatest common factor of 92133 and 696.
87
What is the greatest common divisor of 15 and 28365?
15
What is the highest common divisor of 117336 and 24?
24
Calculate the greatest common divisor of 54072 and 12.
12
What is the greatest common factor of 32092 and 1356?
452
Calculate the highest common factor of 24 and 1382571.
3
What is the greatest common factor of 66 and 1898017?
11
What is the greatest common divisor of 60 and 4497?
3
Calculate the highest common factor of 36 and 353412.
36
Calculate the highest common divisor of 630472 and 40.
8
What is the highest common divisor of 433640 and 2220?
740
Calculate the greatest common divisor of 230 and 314985.
115
Calculate the highest common factor of 14191 and 62317.
617
What is the greatest common factor of 1848896 and 64?
64
What is the greatest common factor of 783627 and 78?
39
Calculate the greatest common divisor of 2760 and 721510.
230
What is the highest common divisor of 11 and 187?
11
What is the greatest common divisor of 78 and 361959?
39
Calculate the greatest common divisor of 580 and 1990560.
580
What is the highest common divisor of 2229 and 66?
3
Calculate the greatest common divisor of 135576 and 18.
18
What is the greatest common divisor of 1262 and 1840627?
631
What is the highest common factor of 3312 and 494224?
368
What is the greatest common divisor of 3038 and 58931?
31
Calculate the highest common divisor of 54 and 23206.
2
Calculate the greatest common factor of 449701 and 153.
17
What is the highest common factor of 28 and 11487?
7
What is the highest common divisor of 24882 and 38298?
78
What is the greatest common divisor of 198 and 1209087?
99
Calculate the greatest common factor of 138 and 64446.
138
What is the highest common divisor of 34 and 27217?
17
Calculate the greatest common divisor of 843630 and 600.
30
Calculate the greatest common divisor of 286 and 4125.
11
What is the greatest common factor of 15308 and 172?
172
What is the greatest common factor of 2730 and 3255?
105
Calculate the highest common factor of 16492 and 3572.
76
Calculate the greatest common divisor of 2401 and 169785.
343
What is the greatest common factor of 154397 and 4635?
103
Calculate the greatest common factor of 224 and 17668.
28
Calculate the highest common divisor of 714 and 104448.
102
What is the highest common divisor of 47950 and 6650?
350
What is the greatest common factor of 1478123 and 2?
1
What is the greatest common divisor of 54 and 2224098?
54
What is the greatest common factor of 297792 and 7920?
1584
Calculate the greatest common factor of 3438012 and 1292.
1292
Calculate the greatest common factor of 421935 and 9.
3
What is the greatest common divisor of 15 and 59355?
15
Calculate the greatest common divisor of 1936 and 122144.
176
Calculate the greatest common divisor of 1273 and 27604.
67
What is the highest common factor of 923 and 13429?
13
Calculate the greatest common divisor of 920 and 195500.
460
What is the highest common factor of 49 and 17185?
7
Calculate the highest common factor of 14 and 31969.
7
What is the highest common factor of 78468 and 156?
156
What is the greatest common factor of 483 and 223797?
21
What is the greatest common factor of 304 and 6016?
16
Calculate the highest common divisor of 220 and 315260.
220
Calculate the greatest common divisor of 9237384 and 556.
556
Calculate the highest common factor of 80 and 4205.
5
Calculate the greatest common divisor of 22195 and 69.
23
Calculate the highest common factor of 1960 and 2625.
35
Calculate the highest common factor of 189326 and 362.
362
Calculate the greatest common factor of 852 and 269.
1
What is the highest common divisor of 87656 and 52?
4
Calculate the highest common factor of 67452 and 43428.
924
Calculate the highest common divisor of 171 and 18867.
57
Calculate the highest common divisor of 780 and 580.
20
Calculate the greatest common factor of 835057 and 51.
17
Calculate the highest common factor of 112 and 10913.
7
Calculate the greatest common divisor of 1634106 and 12.
6
What is the greatest common factor of 46473 and 6?
3
Calculate the highest common divisor of 16779 and 17493.
357
What is the highest common divisor of 72 and 58932?
36
What is the greatest common factor of 1998 and 58?
2
What is the highest common factor of 297684 and 54?
18
Calculate the greatest common factor of 106826 and 62.
62
Calculate the highest common divisor of 1570958 and 114.
38
Calculate the greatest common factor of 154 and 34622.
14
What is the greatest common divisor of 363706 and 119?
7
Calculate the greatest common divisor of 1576 and 32.
8
What is the greatest common divisor of 962 and 3959?
37
Calculate the greatest common factor of 5205 and 61419.
1041
What is the highest common divisor of 1199 and 93005?
11
What is the highest common divisor of 130064 and 352?
176
Calculate the highest common factor of 285 and 15485.
95
Calculate the greatest common divisor of 551935 and 835.
835
What is the greatest common factor of 38 and 11065391?
19
What is the highest common d